k + 1. Give m(3).
-5
Let l(h) = 6*h - 18. What is l(3)?
0
Let f(d) = -d**2 - 13*d + 8. Calculate f(-9).
44
Let q(j) = -j**2 - 4*j - 3. Determine q(-6).
-15
Let k(o) = -31*o + 91. What is k(3)?
-2
Let d(i) = -3*i. Give d(-4).
12
Let p(m) = -2*m - 1. Calculate p(-4).
7
Let u(m) = -3*m**2 + 6*m + 4. Give u(3).
-5
Let d(g) = -21*g**2 - 18*g - 2. Determine d(-1).
-5
Let t(j) = j + 67. Calculate t(-27).
40
Let r(j) = -7*j - 25. What is r(-6)?
17
Let l(v) = v**2 - 5. Determine l(4).
11
Let y(p) = 4*p - 19. Give y(8).
13
Let c(y) = -y**2 - 11*y + 29. Determine c(-11).
29
Let g(a) = -a. Give g(4).
-4
Let p(b) = -b**3 - 10*b**2 + 11*b - 14. Determine p(-11).
-14
Let d(k) = 3*k**3 + 8*k**2 + 2. Determine d(-3).
-7
Let g(k) = k + 35. Calculate g(0).
35
Let m(h) = -h**3 + 5*h**2 + 4*h + 6. What is m(6)?
-6
Let y(b) = 66*b + 1388. Calculate y(-21).
2
Let d(b) = b**3 + 16. Determine d(0).
16
Let k(g) = 12*g - 71. What is k(6)?
1
Let b(q) = -3*q**2 + 12*q - 10. Give b(6).
-46
Let t(d) = -56*d + 460. What is t(8)?
12
Let w(t) = -t**2 - 9*t - 12. Give w(-6).
6
Let z(b) = -4*b + 4. Give z(7).
-24
Let o(b) = -b**3 + 11*b**2 - 19*b + 24. Determine o(9).
15
Let r(v) = -v**2 - 14*v - 49. What is r(-9)?
-4
Let s(b) = -b**3 + 2*b**2 + 4*b + 1. What is s(3)?
4
Let i(l) = -l + 27. Calculate i(20).
7
Let p(j) = -10*j**2 + 47*j + 9. Give p(5).
-6
Let j(d) = d**2 - 12*d + 6. Calculate j(12).
6
Let z(d) = 8*d**2 + 39*d + 14. Determine z(-5).
19
Let t(n) = 2*n**3 - 4*n**2 + 2*n - 3. Determine t(3).
21
Let w(b) = 3*b**2 - 2*b - 15. Determine w(-2).
1
Let c(w) = -11*w + 1. Give c(2).
-21
Let a(j) = -j**3 + 10*j**2 - 10*j + 13. Calculate a(9).
4
Let y(h) = h**2 - 7*h - 4. What is y(6)?
-10
Let v(o) = -o**3 + 8*o**2 + o - 3. What is v(8)?
5
Let j(t) = -2*t + 5. What is j(-4)?
13
Let z(w) = -15*w - 3. Determine z(-2).
27
Let p(q) = q**3 - 2*q**2 - 5*q + 4. Calculate p(3).
-2
Let o(v) = -45*v - 86. Determine o(-2).
4
Let b(i) = -34*i - 31. Give b(-4).
105
Let d(f) = 2*f**3 - 15*f**2 - 10*f - 1. Determine d(8).
-17
Let r(q) = -q + 6. Calculate r(8).
-2
Let u(t) = t**3 - 2*t**2 + 5*t - 11. What is u(4)?
41
Let o(k) = k - 5. Calculate o(7).
2
Let j(l) = -l. What is j(2)?
-2
Let j(c) = -c**2 + 41*c + 30. Determine j(41).
30
Let c(a) = -7*a**3 + 4*a**2 - 2*a. What is c(1)?
-5
Let m(l) = -l**3 + 7*l**2 + 60*l - 14. Determine m(12).
-14
Let y(z) = -z**3 + 4*z**2 - 4*z. Calculate y(3).
-3
Let m(u) = u**2 + 2*u - 29. What is m(-6)?
-5
Let w(j) = -j**3 - 7*j**2 - 6*j + 1. Determine w(-6).
1
Let l(r) = r**3 - 18*r**2 - 20*r + 24. Calculate l(19).
5
Let n(d) = d**3 - 4*d**2 - 3*d + 2. What is n(4)?
-10
Let y(r) = 4*r + 35. Determine y(-12).
-13
Let z(i) = 18*i + 51. Calculate z(-2).
15
Let i(t) = -t**3 + 5*t**2 + 5*t - 13. Determine i(6).
-19
Let n(b) = -b**3 - 2*b - 7. What is n(0)?
-7
Let r(a) = -a**3 + 9*a**2 - 9*a - 3. What is r(8)?
-11
Let p(r) = -2*r - 7. What is p(-6)?
5
Let f(q) = -q**2 + 8*q - 1. Give f(8).
-1
Let x(k) = -39*k + 1. Determine x(-1).
40
Let d(i) = 11*i + 20. Determine d(-3).
-13
Let z(s) = -s**3 - 13*s**2 + 14*s - 10. What is z(-14)?
-10
Let h(a) = a**2 - 2*a - 18. Give h(7).
17
Let s(l) = -3*l - 4. Give s(6).
-22
Let z(w) = -17*w**3 + w**2 - 2*w - 2. What is z(-1)?
18
Let d(r) = r**2 + 2*r + 23. Determine d(-4).
31
Let q(b) = -b**3 + 15*b**2 + 12*b + 4. What is q(16)?
-60
Let l(u) = u**2 + 11*u - 2. Determine l(-11).
-2
Let n(c) = c**2 + 5*c + 7. Calculate n(-11).
73
Let q(k) = -k**3 + 9*k**2 + 7. Calculate q(9).
7
Let o(s) = 4*s + 20. Calculate o(-4).
4
Let j(y) = 2*y - 5. What is j(8)?
11
Let o(y) = 129*y - 9. Determine o(0).
-9
Let l(k) = 2*k**3 - 2*k - 1. Determine l(-1).
-1
Let g(a) = a**2 - 12*a - 3. What is g(13)?
10
Let t(o) = o**2 - 13*o + 51. Determine t(8).
11
Let g(p) = 15*p + 18. Give g(-8).
-102
Let b(x) = 5*x + 32. What is b(-5)?
7
Let v(d) = -6*d - 24. Determine v(-5).
6
Let w(o) = -14*o + 5. What is w(1)?
-9
Let s(p) = p**3 + 11*p**2 + 2*p + 2. Give s(-11).
-20
Let b(t) = -7*t - 67. Determine b(-9).
-4
Let t(d) = d**3 + 20*d**2 + 17*d - 40. Calculate t(-19).
-2
Let p(q) = -7*q - 16. What is p(-5)?
19
Let b(w) = -w + 10. Calculate b(6).
4
Let b(r) = -r**3 + 20*r**2 + 16. Determine b(20).
16
Let d(p) = -p**2 - 22*p - 13. What is d(-22)?
-13
Let d(f) = -f**3 + 11*f**2 - 26*f - 9. What is d(4)?
-1
Let p(b) = b**2 + 15*b + 9. Determine p(-13).
-17
Let k(g) = g**2 - 18*g + 12. Calculate k(5).
-53
Let v(h) = 7*h**2 - 5*h. Determine v(3).
48
Let p(c) = -c**3 + 13*c**2 - 9*c - 5. Give p(8).
243
Let x(a) = a**2 - 6*a - 3. Give x(4).
-11
Let m(g) = -g**2 + 7*g - 2. Give m(5).
8
Let d(q) = -34*q - 8. Calculate d(-2).
60
Let z(k) = -k**3 - 7*k**2 - k - 2. Give z(-7).
5
Let h(u) = u**3 - 3*u**2 - 8*u - 8. What is h(5)?
2
Let u(g) = 6*g - 124. Give u(26).
32
Let l(u) = -2*u + 4. Give l(-19).
42
Let u(j) = 7*j**3 - j**2 + j. Determine u(1).
7
Let f(l) = l**3 - 5*l**2 + 4*l. Calculate f(3).
-6
Let d(m) = -7*m + 118. Calculate d(9).
55
Let p(w) = -w**3 - 26*w**2 - 24*w + 29. What is p(-25)?
4
Let p(d) = 3*d**2 - 2*d - 2. Determine p(2).
6
Let n(y) = y**3 - 11*y**2 + 7*y + 4. What is n(10)?
-26
Let i(k) = -6*k - 107. Calculate i(-23).
31
Let r(d) = 5*d + 5. What is r(7)?
40
Let s(d) = -3*d**3 - 3*d**2 + 7*d + 15. Give s(-2).
13
Let p(z) = z**3 - 8*z**2 - 7*z - 9. Give p(9).
9
Let i(w) = w**3 - 30*w**2 + 28*w + 32. Determine i(29).
3
Let o(r) = -11*r + 36. Determine o(3).
3
Let q(x) = -3*x - 7. Calculate q(0).
-7
Let x(v) = v**3 + 23*v**2 + 40*v - 15. What is x(-21)?
27
Let w(x) = -x**3 - 6*x**2 + 9*x + 1. Determine w(-7).
-13
Let k(d) = 2*d**2 + 23*d + 31. Give k(-9).
-14
Let k(v) = 3*v**2 - 15*v + 7. Give k(5).
7
Let f(p) = 2*p**3 - p**2 - 3*p. What is f(2)?
6
Let n(w) = -w**3 + 10*w**2 + 10*w - 16. Determine n(11).
-27
Let h(q) = -q**2 - 9*q - 12. Give h(-7).
2
Let q(m) = -m - 19. Give q(0).
-19
Let n(g) = -g**3 - 12*g**2 - 13*g - 15. Give n(-11).
7
Let l(c) = 2*c**2 + 20*c + 19. Determine l(-9).
1
Let l(n) = n**2 + 2*n - 9. What is l(-11)?
90
Let k(c) = -c**3 + 24*c**2 + 38*c - 327. Determine k(25).
-2
Let n(w) = -5*w + 1. What is n(2)?
-9
Let y(h) = h**2 + 8*h - 41. Give y(-12).
7
Let p(l) = -l**3 + 4*l**2 - 3*l + 1. Calculate p(2).
3
Let i(q) = -8*q**3 + q**2 + 3*q - 2. Give i(2).
-56
Let i(q) = -2*q**2 + 21*q - 71. Calculate i(5).
-16
Let p(y) = y**3 - 15*y**2 - 18*y + 49. What is p(16)?
17
Let h(u) = -u**3 - 10*u**2 + 9. What is h(-10)?
9
Let z(t) = t**2 + 14*t - 16. What is z(-7)?
-65
Let u(i) = -4*i**2 + 13*i - 18. Determine u(2).
-8
Let f(z) = -86*z + 780. What is f(9)?
6
Let f(k) = -8*k - 47. Give f(-6).
1
Let w(k) = -26*k - 151. What is w(-6)?
5
Let g(r) = 3*r**2 + 131*r - 44. Give g(-44).
0
Let t(u) = -u**3 - 7*u**2 - 4*u + 8. Determine t(-4).
-24
Let p(b) = -b**2 - 8*b + 30. Calculate p(3).
-3
Let h(i) = i + 6. What is h(-10)?
-4
Let k(f) = -f**3 - 10*f**2 - 11*f - 13. What is k(-9)?
5
Let x(g) = g**2 + 10*g - 5. Calculate x(-11).
6
Let l(s) = -s**2 + 16*s + 1. Give l(16).
1
Let w(o) = -2*o + 20. Determine w(11).
-2
Let t(r) = 3*r - 6. What is t(0)?
-6
Let f(z) = -37*z**2 + 3*z - 1. Calculate f(1).
-35
Let l(a) = -23*a**3 - a. Give l(-1).
24
Let i(s) = -10*s + 3. Calculate i(9).
-87
Let v(u) = 3*u - 24. What is v(13)?
15
Let k(x) = x**2 - 5*x - 12. Give k(6).
-6
Let d(f) = 2*f - 7. Determine d(0).
-7
Let l(v) = -v**3 + 4*v**2 + 9*v - 7. Calculate l(6).
-25
Let t(b) = b**2 - 4*b + 10. Give t(7).
31
Let k(b) = -35*b**3 - b**2 - 2*b. Determine k(-1).
36
Let u(g) = -g**3 - 11*g**2 - 20*g - 105. Give u(-10).
-5
Let f(n) = 3*n**2 - 2*n + 3. What is f(-3)?
36
Let p(d) = 4*d**2 + 2*d + 2. What is p(-4)?
58
Let y(c) = 3*c**2 + 16*c + 19. What is y(-9)?
118
Let i(x) = 2*x**3 + x**2 - x + 1. Give i(-3).
-41
Let h(g) = -g**2 - 4*g - 4. What is h(-5)?
-9
Let j(p) = -2*p**2 + 10*p + 7. Give j(5).
7
Let a(i) = -i**3 - i**2 + i - 3. Determine a(0).
-3
Let b(x) = 32*x - 8. Calculate b(-1).
-40
Let m(h) = 2*h**2 - 12*h + 12. What is m(7)?
26
Let z(x) = x**2 + 13*x + 9. Determine z(-10).
-21
Let l(n) = -14*n + 5. Calculate l(4).
-51
Let u(z) = -z**3 + 17*z**2 + 40*z + 2. What is u(19)?
40
Let u(z) = 6*z + 29. Determine u(-6).
-7
Let t(g) = g**3 + 11*g**2 + g - 4. Determine t(-11).
-15
Let x(u) = -7*u**2 - 2*u. Determine x(1).
-9
Let i(c) = c**3 + c**2 - c + 7. Calculate